{"id":11,"date":"2019-12-18T13:45:46","date_gmt":"2019-12-18T12:45:46","guid":{"rendered":"http:\/\/dubandsound.fr\/?page_id=11"},"modified":"2023-10-16T21:57:10","modified_gmt":"2023-10-16T19:57:10","slug":"contact","status":"publish","type":"page","link":"https:\/\/dubandsound.fr\/?page_id=11","title":{"rendered":"Contact"},"content":{"rendered":"\n<p>Vous pouvez nous contacter soit par t\u00e9l\u00e9phone :<br><strong>06 62 53 12 93<\/strong><\/p>\n\n\n\n<p>Soit par mail :<br><strong>dubandsound@gmail.com<\/strong><\/p>\n\n\n\n<p>Le studio se situe<strong> <\/strong>\u00e0 Daubensand (67150), <strong>35 Km au sud de Strasbourg.<\/strong><\/p>\n\n\n\n<hr class=\"wp-block-separator has-css-opacity is-style-default\"\/>\n\n\n\n<p>Le studio est h\u00e9berg\u00e9 administrativement par<strong> l&#8217;Association St\u00e9r\u00e9olab<\/strong><\/p>\n\n\n<div class=\"wp-block-image\">\n<figure class=\"aligncenter size-large is-resized\"><img loading=\"lazy\" decoding=\"async\" src=\"http:\/\/dubandsound.fr\/wp-content\/uploads\/2019\/12\/Logo-stereolab-1024x293.jpg\" alt=\"Logo stereolab\" class=\"wp-image-283\" width=\"319\" height=\"91\" srcset=\"https:\/\/dubandsound.fr\/wp-content\/uploads\/2019\/12\/Logo-stereolab-1024x293.jpg 1024w, https:\/\/dubandsound.fr\/wp-content\/uploads\/2019\/12\/Logo-stereolab-300x86.jpg 300w, https:\/\/dubandsound.fr\/wp-content\/uploads\/2019\/12\/Logo-stereolab-768x219.jpg 768w, https:\/\/dubandsound.fr\/wp-content\/uploads\/2019\/12\/Logo-stereolab-1536x439.jpg 1536w, https:\/\/dubandsound.fr\/wp-content\/uploads\/2019\/12\/Logo-stereolab-2048x585.jpg 2048w\" sizes=\"auto, (max-width: 319px) 100vw, 319px\" \/><\/figure>\n<\/div>\n\n\n<p class=\"has-small-font-size\"><br><\/p>\n","protected":false},"excerpt":{"rendered":"<p>Vous pouvez nous contacter soit par t\u00e9l\u00e9phone :06 62 53 12 93 Soit par mail :dubandsound@gmail.com Le studio se situe \u00e0 Daubensand (67150), 35 Km au sud de Strasbourg. Le studio est h\u00e9berg\u00e9 administrativement par l&#8217;Association St\u00e9r\u00e9olab<\/p>\n","protected":false},"author":1,"featured_media":0,"parent":0,"menu_order":0,"comment_status":"closed","ping_status":"closed","template":"","meta":{"h5ap_radio_sources":[],"footnotes":""},"class_list":["post-11","page","type-page","status-publish","hentry"],"_links":{"self":[{"href":"https:\/\/dubandsound.fr\/index.php?rest_route=\/wp\/v2\/pages\/11","targetHints":{"allow":["GET"]}}],"collection":[{"href":"https:\/\/dubandsound.fr\/index.php?rest_route=\/wp\/v2\/pages"}],"about":[{"href":"https:\/\/dubandsound.fr\/index.php?rest_route=\/wp\/v2\/types\/page"}],"author":[{"embeddable":true,"href":"https:\/\/dubandsound.fr\/index.php?rest_route=\/wp\/v2\/users\/1"}],"replies":[{"embeddable":true,"href":"https:\/\/dubandsound.fr\/index.php?rest_route=%2Fwp%2Fv2%2Fcomments&post=11"}],"version-history":[{"count":19,"href":"https:\/\/dubandsound.fr\/index.php?rest_route=\/wp\/v2\/pages\/11\/revisions"}],"predecessor-version":[{"id":453,"href":"https:\/\/dubandsound.fr\/index.php?rest_route=\/wp\/v2\/pages\/11\/revisions\/453"}],"wp:attachment":[{"href":"https:\/\/dubandsound.fr\/index.php?rest_route=%2Fwp%2Fv2%2Fmedia&parent=11"}],"curies":[{"name":"wp","href":"https:\/\/api.w.org\/{rel}","templated":true}]}}