{"id":92,"date":"2019-12-18T15:29:24","date_gmt":"2019-12-18T14:29:24","guid":{"rendered":"http:\/\/dubandsound.fr\/?page_id=92"},"modified":"2023-10-16T21:55:15","modified_gmt":"2023-10-16T19:55:15","slug":"le-studio","status":"publish","type":"page","link":"https:\/\/dubandsound.fr\/?page_id=92","title":{"rendered":"Le Studio"},"content":{"rendered":"\n<p>Ce Studio d&#8217;enregistrement <strong>professionnel<\/strong> est un lieu de cr\u00e9ation, associant un mat\u00e9riel <em>haut de gamme moderne<\/em> et des <em>p\u00e9riph\u00e9riques vintages<\/em>.  <br>Ainsi,  Patrick Wetterer,  ing\u00e9nieur du son, peut proposer une palette sonore riche et vari\u00e9e pour toutes vos productions musicales. <br>Musicien professionnel dipl\u00f4m\u00e9 du conservatoire de Strasbourg, compositeur, arrangeur et ing\u00e9nieur du son, ses comp\u00e9tences multiples lui permettent de proposer <strong>un service complet<\/strong> ! Pr\u00e8s de <strong>70<\/strong> artistes et maisons de disque, repr\u00e9sentant pas moins de <strong>100 productions<\/strong>,  sont pass\u00e9s par le studio. Entour\u00e9 d&#8217;un jardin de 3500 m\u00e8tre carr\u00e9 et d&#8217;un \u00e9tang, c&#8217;est le lieu id\u00e9al pour cr\u00e9er ou finaliser vos projets.<\/p>\n\n\n\n<p> \u00c0 partir du printemps 2023, le studio proposera un&nbsp;<strong>appartement tout \u00e9quip\u00e9<\/strong>&nbsp;( cuisine, salle de bain, Internet, TV, jusqu\u2019\u00e0 5 couchages ), afin d\u2019h\u00e9berger les musiciens qui le souhaiteraient. Nous consulter pour les tarifs.partir du printemps 2023, le studio proposera un <strong>appartement tout \u00e9quip\u00e9<\/strong> ( cuisine, salle de bain, Internet, TV, jusqu&#8217;\u00e0 5 couchages ), afin d&#8217;h\u00e9berger les musiciens qui le souhaiteraient. Nous consulter pour les tarifs.<\/p>\n\n\n<div class=\"wp-block-image is-style-circle-mask\">\n<figure class=\"aligncenter size-large is-resized\"><img loading=\"lazy\" decoding=\"async\" src=\"http:\/\/dubandsound.fr\/wp-content\/uploads\/2019\/12\/rack-1.jpg\" alt=\"\" class=\"wp-image-60\" width=\"277\" height=\"208\"\/><\/figure>\n<\/div>\n\n\n<p>Disposant de <strong>4 cabines<\/strong>, ce studio peut accueillir des groupes complets en live :<\/p>\n\n\n\n<p>-Contr\u00f4le room de 45 m2<br>-Room 2 de de 7 m2<br>-Room 3 de 32 m2<br>-Vocal Booth de 4 m2<br><br>De <strong>nombreux instruments<\/strong> ( piano \u00e0 queue, piano droit, Fender Rhodes, orgue,  batterie, percussions, guitares, amplis, divers claviers) sont \u00e0 votre disposition. <\/p>\n\n\n<div class=\"wp-block-image is-style-circle-mask\">\n<figure class=\"aligncenter size-large is-resized\"><img loading=\"lazy\" decoding=\"async\" src=\"http:\/\/dubandsound.fr\/wp-content\/uploads\/2019\/12\/rec-piano-1024x531.jpg\" alt=\"\" class=\"wp-image-62\" width=\"399\" height=\"206\" srcset=\"https:\/\/dubandsound.fr\/wp-content\/uploads\/2019\/12\/rec-piano-1024x531.jpg 1024w, https:\/\/dubandsound.fr\/wp-content\/uploads\/2019\/12\/rec-piano-300x156.jpg 300w, https:\/\/dubandsound.fr\/wp-content\/uploads\/2019\/12\/rec-piano-768x398.jpg 768w, https:\/\/dubandsound.fr\/wp-content\/uploads\/2019\/12\/rec-piano-1536x797.jpg 1536w, https:\/\/dubandsound.fr\/wp-content\/uploads\/2019\/12\/rec-piano.jpg 2040w\" sizes=\"auto, (max-width: 399px) 100vw, 399px\" \/><\/figure>\n<\/div>\n\n\n<p><br>Situ\u00e9 en pleine campagne, le lieu est propice \u00e0 la <strong>cr\u00e9ation<\/strong> et \u00e0 la <strong>concentration<\/strong>.<\/p>\n\n\n<div class=\"wp-block-image is-style-circle-mask\">\n<figure class=\"aligncenter size-large is-resized\"><img loading=\"lazy\" decoding=\"async\" src=\"http:\/\/dubandsound.fr\/wp-content\/uploads\/2019\/12\/piscine.jpg\" alt=\"\" class=\"wp-image-58\" width=\"306\" height=\"230\" srcset=\"https:\/\/dubandsound.fr\/wp-content\/uploads\/2019\/12\/piscine.jpg 816w, https:\/\/dubandsound.fr\/wp-content\/uploads\/2019\/12\/piscine-300x225.jpg 300w, https:\/\/dubandsound.fr\/wp-content\/uploads\/2019\/12\/piscine-768x576.jpg 768w\" sizes=\"auto, (max-width: 306px) 100vw, 306px\" \/><\/figure>\n<\/div>\n\n\n<p>Bien entendu, <strong>un espace d\u00e9tente<\/strong> est \u00e0 votre disposition : grand canap\u00e9, table basse, bar et cuisine (machine \u00e0 caf\u00e9 expresso, bouilloire, frigo, micro onde, vaisselle, \u00e9vier), piscine (en \u00e9t\u00e9), grand jardin, toilettes. Nous fournissons, \u00e0 volont\u00e9, le caf\u00e9 et le th\u00e9.<\/p>\n\n\n\n<h1 class=\"wp-block-heading\"><strong>Prestations :<\/strong><\/h1>\n\n\n\n<ul class=\"wp-block-list\">\n<li>Production et r\u00e9alisation compl\u00e8te d&#8217;un disque professionnel.<\/li>\n\n\n\n<li>Enregistrement live ou s\u00e9par\u00e9ment.<\/li>\n\n\n\n<li>Enregistrement de voix OFF.<\/li>\n\n\n\n<li>Mixage Hybride num\u00e9rique et analogique.<\/li>\n\n\n\n<li>Mastering STEREO et STEM.<\/li>\n\n\n\n<li>Arrangement.<\/li>\n\n\n\n<li>Cr\u00e9ation de musiques originales pour le spectacle vivant, t\u00e9l\u00e9vision, radio, publicit\u00e9s, jingle, accueil t\u00e9l\u00e9phonique, etc.<\/li>\n\n\n\n<li>Sound Design.<\/li>\n\n\n\n<li>Formation MAO, sp\u00e9cialiste CUBASE.<\/li>\n\n\n\n<li>H\u00e9bergement ( payant )<\/li>\n<\/ul>\n\n\n\n<p><\/p>\n","protected":false},"excerpt":{"rendered":"<p>Ce Studio d&#8217;enregistrement professionnel est un lieu de cr\u00e9ation, associant un mat\u00e9riel haut de gamme moderne et des p\u00e9riph\u00e9riques vintages. Ainsi, Patrick Wetterer, ing\u00e9nieur du son, peut proposer une palette sonore riche et vari\u00e9e pour toutes vos productions musicales. Musicien professionnel dipl\u00f4m\u00e9 du conservatoire de Strasbourg, compositeur, arrangeur et ing\u00e9nieur du son, ses comp\u00e9tences multiples &hellip; <\/p>\n<p class=\"link-more\"><a href=\"https:\/\/dubandsound.fr\/?page_id=92\" class=\"more-link\">Continue reading<span class=\"screen-reader-text\"> &#8220;Le Studio&#8221;<\/span><\/a><\/p>\n","protected":false},"author":1,"featured_media":0,"parent":0,"menu_order":0,"comment_status":"closed","ping_status":"closed","template":"","meta":{"h5ap_radio_sources":[],"footnotes":""},"class_list":["post-92","page","type-page","status-publish","hentry"],"_links":{"self":[{"href":"https:\/\/dubandsound.fr\/index.php?rest_route=\/wp\/v2\/pages\/92","targetHints":{"allow":["GET"]}}],"collection":[{"href":"https:\/\/dubandsound.fr\/index.php?rest_route=\/wp\/v2\/pages"}],"about":[{"href":"https:\/\/dubandsound.fr\/index.php?rest_route=\/wp\/v2\/types\/page"}],"author":[{"embeddable":true,"href":"https:\/\/dubandsound.fr\/index.php?rest_route=\/wp\/v2\/users\/1"}],"replies":[{"embeddable":true,"href":"https:\/\/dubandsound.fr\/index.php?rest_route=%2Fwp%2Fv2%2Fcomments&post=92"}],"version-history":[{"count":13,"href":"https:\/\/dubandsound.fr\/index.php?rest_route=\/wp\/v2\/pages\/92\/revisions"}],"predecessor-version":[{"id":469,"href":"https:\/\/dubandsound.fr\/index.php?rest_route=\/wp\/v2\/pages\/92\/revisions\/469"}],"wp:attachment":[{"href":"https:\/\/dubandsound.fr\/index.php?rest_route=%2Fwp%2Fv2%2Fmedia&parent=92"}],"curies":[{"name":"wp","href":"https:\/\/api.w.org\/{rel}","templated":true}]}}

<p>Ce Studio d&#8217;enregistrement <strong>professionnel</strong> est un lieu de création, associant un matériel <em>haut de gamme moderne</em> et des <em>périphériques vintages</em>.  <br>Ainsi,  Patrick Wetterer,  ingénieur du son, peut proposer une palette sonore riche et variée pour toutes vos productions musicales. <br>Musicien professionnel diplômé du conservatoire de Strasbourg, compositeur, arrangeur et ingénieur du son, ses compétences multiples lui permettent de proposer <strong>un service complet</strong> ! Près de <strong>70</strong> artistes et maisons de disque, représentant pas moins de <strong>100 productions</strong>,  sont passés par le studio. Entouré d&#8217;un jardin de 3500 mètre carré et d&#8217;un étang, c&#8217;est le lieu idéal pour créer ou finaliser vos projets.</p>



<p> À partir du printemps 2023, le studio proposera un&nbsp;<strong>appartement tout équipé</strong>&nbsp;( cuisine, salle de bain, Internet, TV, jusqu’à 5 couchages ), afin d’héberger les musiciens qui le souhaiteraient. Nous consulter pour les tarifs.partir du printemps 2023, le studio proposera un <strong>appartement tout équipé</strong> ( cuisine, salle de bain, Internet, TV, jusqu&#8217;à 5 couchages ), afin d&#8217;héberger les musiciens qui le souhaiteraient. Nous consulter pour les tarifs.</p>


<div class="wp-block-image is-style-circle-mask">
<figure class="aligncenter size-large is-resized"><img loading="lazy" decoding="async" src="http://dubandsound.fr/wp-content/uploads/2019/12/rack-1.jpg" alt="" class="wp-image-60" width="277" height="208"/></figure>
</div>


<p>Disposant de <strong>4 cabines</strong>, ce studio peut accueillir des groupes complets en live :</p>



<p>-Contrôle room de 45 m2<br>-Room 2 de de 7 m2<br>-Room 3 de 32 m2<br>-Vocal Booth de 4 m2<br><br>De <strong>nombreux instruments</strong> ( piano à queue, piano droit, Fender Rhodes, orgue,  batterie, percussions, guitares, amplis, divers claviers) sont à votre disposition. </p>


<div class="wp-block-image is-style-circle-mask">
<figure class="aligncenter size-large is-resized"><img loading="lazy" decoding="async" src="http://dubandsound.fr/wp-content/uploads/2019/12/rec-piano-1024x531.jpg" alt="" class="wp-image-62" width="399" height="206" srcset="https://dubandsound.fr/wp-content/uploads/2019/12/rec-piano-1024x531.jpg 1024w, https://dubandsound.fr/wp-content/uploads/2019/12/rec-piano-300x156.jpg 300w, https://dubandsound.fr/wp-content/uploads/2019/12/rec-piano-768x398.jpg 768w, https://dubandsound.fr/wp-content/uploads/2019/12/rec-piano-1536x797.jpg 1536w, https://dubandsound.fr/wp-content/uploads/2019/12/rec-piano.jpg 2040w" sizes="auto, (max-width: 399px) 100vw, 399px" /></figure>
</div>


<p><br>Situé en pleine campagne, le lieu est propice à la <strong>création</strong> et à la <strong>concentration</strong>.</p>


<div class="wp-block-image is-style-circle-mask">
<figure class="aligncenter size-large is-resized"><img loading="lazy" decoding="async" src="http://dubandsound.fr/wp-content/uploads/2019/12/piscine.jpg" alt="" class="wp-image-58" width="306" height="230" srcset="https://dubandsound.fr/wp-content/uploads/2019/12/piscine.jpg 816w, https://dubandsound.fr/wp-content/uploads/2019/12/piscine-300x225.jpg 300w, https://dubandsound.fr/wp-content/uploads/2019/12/piscine-768x576.jpg 768w" sizes="auto, (max-width: 306px) 100vw, 306px" /></figure>
</div>


<p>Bien entendu, <strong>un espace détente</strong> est à votre disposition : grand canapé, table basse, bar et cuisine (machine à café expresso, bouilloire, frigo, micro onde, vaisselle, évier), piscine (en été), grand jardin, toilettes. Nous fournissons, à volonté, le café et le thé.</p>



<h1 class="wp-block-heading"><strong>Prestations :</strong></h1>



<ul class="wp-block-list">
<li>Production et réalisation complète d&#8217;un disque professionnel.</li>



<li>Enregistrement live ou séparément.</li>



<li>Enregistrement de voix OFF.</li>



<li>Mixage Hybride numérique et analogique.</li>



<li>Mastering STEREO et STEM.</li>



<li>Arrangement.</li>



<li>Création de musiques originales pour le spectacle vivant, télévision, radio, publicités, jingle, accueil téléphonique, etc.</li>



<li>Sound Design.</li>



<li>Formation MAO, spécialiste CUBASE.</li>



<li>Hébergement ( payant )</li>
</ul>



<p></p>

<p>Ce Studio d&#8217;enregistrement professionnel est un lieu de création, associant un matériel haut de gamme moderne et des périphériques vintages. Ainsi, Patrick Wetterer, ingénieur du son, peut proposer une palette sonore riche et variée pour toutes vos productions musicales. Musicien professionnel diplômé du conservatoire de Strasbourg, compositeur, arrangeur et ingénieur du son, ses compétences multiples &hellip; </p>
<p class="link-more"><a href="https://dubandsound.fr/?page_id=92" class="more-link">Continue reading<span class="screen-reader-text"> &#8220;Le Studio&#8221;</span></a></p>
